**2 - 7*x + 0*x**2 + 3*x**2. Determine r(4).
3
Let c(o) = -2*o - 14. Let t(u) = -3*u - 22. Let l(d) = -8*c(d) + 5*t(d). Determine l(-5).
-3
Let c be (-1 - (-1 + 2)) + 3. Let o(v) = -v**2 - 6*v + 7. Let i be o(-7). Let g(d) = 1 - 6*d + 3 - 3 + i. Calculate g(c).
-5
Let d(o) = -o**2 + 15*o - 21. Let k(p) = 2*p**2 - 52*p + 14. Let w be k(26). Calculate d(w).
-7
Let l(g) be the second derivative of 1/20*g**5 - 2*g + 5/6*g**3 + 3/2*g**2 + 1/4*g**4 + 0. What is l(-3)?
-12
Let f(g) = 7*g**2 + 30*g + 6. Let n(c) = -29*c**2 - 127*c - 26. Let d(t) = 17*f(t) + 4*n(t). Let u = -1 - -3. Let k be 6/u*2/(-3). What is d(k)?
6
Let t(a) = 3. Let n(p) = 5. Let s(v) = 4*n(v) - 7*t(v). Let q(r) = -2*r - 6. Let x(f) = -q(f) + 6*s(f). Give x(-2).
-4
Let u(h) = -131*h**2 + 65*h**2 + 2*h - h**3 + 2*h + 62*h**2 + 4. Determine u(-5).
9
Let d(k) = -6 + 4*k**2 - 12*k + 0*k**2 - 5*k**2 + 17*k. Let u(z) = -z**3 - 11*z**2 - 9*z + 12. Let j be u(-10). Let t be 5*(-6)/(-15) + j. What is d(t)?
-2
Let l(w) = 2*w + 5. Suppose -13 = -2*z - 7. Suppose -z*g - 6 = 6. What is l(g)?
-3
Let s(y) = y**2 + 4*y. Let z(q) = -7*q**2 + 2*q + 1. Suppose -2*u = -f + 2*u + 19, 4*f = 3*u + 11. Let n be z(f). Let k = 5 + n. Give s(k).
-3
Let m(u) = u**3 - 6*u**2 + 6*u - 6. Let y = -26 + 42. Suppose y = h + 3*s, s = 2*h + 2*s - 12. Determine m(h).
-14
Let g(f) = 5*f**2 + f + 1. Let d be g(-1). Let s(x) = -x - 10. Let z(r) = -2*r - 9. Let o = 3 - 5. Let t(w) = o*z(w) + 3*s(w). Determine t(d).
-7
Let z = -1 - -2. Suppose -9 = 5*f + z. Let q(d) = 4*d + 3. Calculate q(f).
-5
Let s(l) = -2*l**3 + 4*l**2 + l + 1. Let b be ((8/1)/(-1))/(12/(-42)). Let m = b - 25. Determine s(m).
-14
Let x(g) = -g**3 - 28*g**2 + 29*g + 4. Let l be x(-29). Let v(z) = z**2 - 4. Determine v(l).
12
Let a(f) be the third derivative of -f**4/6 + f**3/6 - f**2. Suppose 6*h + 121 - 7 = 0. Let u = -17 - h. Determine a(u).
-7
Let k(m) = m + 2. Let s be k(2). Suppose 0 = -2*r + s - 2. Let a be 2 - r/((-1)/(-2)). Let n(z) = -z - 9. Calculate n(a).
-9
Let q(p) = -p + 17. Suppose o - 6*o - 7 = -c, -o = -c + 15. Determine q(c).
0
Let s(z) = z**3 + 5*z**2 + 2*z + 5. Let u(h) = h + 1. Let m be u(-5). Let f be m - -1 - (-4 - -6). Calculate s(f).
-5
Let b(g) be the second derivative of -g**5/20 - g**4/3 - 2*g**3/3 - 3*g**2/2 + 22*g. Give b(-2).
-3
Let f be (-1 + 0)/((-3)/(-24)). Let l(o) be the first derivative of -o**4/4 - 7*o**3/3 + 9*o**2/2 + 10*o + 7. What is l(f)?
2
Suppose 701*n - 697*n - 36 = 0. Let r(u) = -3*u + 8. What is r(n)?
-19
Let x(r) = r**2 - 3*r + 3. Suppose -8*y = -4 - 20. Suppose -y*b - 4 = -10. Give x(b).
1
Let g(t) = t**2 - 6*t + 6. Suppose -4*l = 2*z + 2, 0 = z + 5*l - 0*l + 4. Let k be (z/(-2))/((-7)/98). Calculate g(k).
13
Let f(q) = -2*q. Let m(y) = -7*y - 8. Let t(h) = 3*f(h) - m(h). Determine t(-4).
4
Let g(v) be the second derivative of v**3/6 - 5*v**2/2 - 2*v + 16. What is g(-5)?
-10
Suppose 0*l + 33 = 3*l. Let m(i) = i**2 - 10*i + 7. Let h be m(6). Let u = h + l. Let w(x) = x**3 + 5*x**2 - 6*x - 4. Calculate w(u).
-4
Let p = 205 - 195. Let r(q) = -q**2 + 7*q + 9. Determine r(p).
-21
Let n(y) = -1 + 5*y**2 + 5*y - 4*y**2 - 2*y**2. Let f(l) = 11*l**2 - 22*l + 5. Let b be f(2). What is n(b)?
-1
Let k(z) = z**3 - 3*z**2 - 5*z - 1. Let v be k(4). Let s(a) be the third derivative of -a**5/60 - a**4/4 + a**3/2 + 46*a**2 - 1. What is s(v)?
8
Let r(s) = -24*s**2 + 2*s + 1. Let n(p) = -2*p**2 + 5*p + 2. Let b be n(3). Give r(b).
-25
Let m be 18*6/(-9)*3/(-4). Let c(n) = n - 7. Give c(m).
2
Suppose -2*p = n - 5, 5*n = 5*p - 8 + 3. Let b(a) = -7 + 2 + a + 3 - p. Calculate b(3).
-1
Suppose -3*d = -l + 2*l, 0 = 5*l - 15. Let u be 9/(-2)*(-16)/12. Let h(k) = 1 + u*k - 1. What is h(d)?
-6
Suppose -5*f = -8 - 2. Let b(a) = 6*a + 3*a**f - 4*a**2 + 0*a + 2*a**2 + 3. Let m be ((0 - 2)/2)/(8/40). What is b(m)?
-2
Let w(b) = -b + 17. Let d be w(13). Suppose 0 = -d*s - 4*q - 4, -s + 3 = 2*q + 4. Let z(f) be the third derivative of f**4/24 + f**3/6 - 3*f**2. Calculate z(s).
0
Let q(r) = r + 1. Let b = 8 + -3. Let x(z) = -z**3 + 7*z**2 - 9*z + 5. Let d be x(b). Let k be (-24)/d + 6/15. Give q(k).
-1
Let m be 6/(-12) + 19/2. Let o(a) = a. Calculate o(m).
9
Let a(t) = -2*t**3 + 18*t**2 - 5*t + 19. Let w(j) = 5*j**3 - 54*j**2 + 13*j - 56. Let g(z) = 8*a(z) + 3*w(z). Give g(-18).
2
Let c(q) = -2*q**2 - q + 32. Let s(i) = -i**2 - i + 19. Let r(z) = 3*c(z) - 5*s(z). Give r(-1).
-2
Let x(g) = g**2 - 26 - 12*g - 3 + 58 - 17. What is x(10)?
-8
Let i(a) = -a**2 - 14*a - 14. Let g = 648 - 658. What is i(g)?
26
Suppose 33*r - 12 = 32*r. Suppose r*j + 31 = -17. Let q(v) = -v**2 - 5*v + 2. Give q(j).
6
Let i be 37/7 + (-12)/42. Let n(o) = o**3 - 6*o**2 - 3*o + 7. Calculate n(i).
-33
Let j(g) = -g**3 + 15*g**2 - 24*g + 31. Let l be j(13). Suppose 12*f - 9 = -l. Let o(z) = -4 - 2 - 3*z + z. Give o(f).
2
Let l(t) = 6*t**2 + 8*t + 4. Let u(i) = 5*i**2 + 5*i + 3. Let r(o) = -2*l(o) + 3*u(o). Determine r(3).
25
Let o(v) be the second derivative of -v**5/20 - v**4/4 + 5*v**3/6 + 3*v**2/2 + 33*v + 1. What is o(-3)?
-12
Let s(c) = 5*c**3 + 6*c**2 + c + 12. Let h(b) = 11*b**3 + 12*b**2 + b + 25. Let y(a) = -6*h(a) + 13*s(a). Let u = -138 + 145. What is y(u)?
6
Let p be 1*(1 - 3)*(13 + -14). Let w(y) be the second derivative of 0 + 5*y + 5/12*y**4 + 1/20*y**5 + y**p + 1/3*y**3. Determine w(-5).
-8
Let o(l) = 6*l + 0 - 9*l - l**2 - 1 + 5*l. Let h = 26 - 18. Let r(g) = g**2 - 7*g - 7. Let v be r(h). What is o(v)?
0
Suppose y + 16 = -3*y. Let c(r) be the second derivative of r**3/6 + 5*r**2/2 + 15952*r. What is c(y)?
1
Let v(g) be the third derivative of -g**6/120 + g**5/20 + g**4/12 - g**3/6 + 2*g**2. Let f = -32 - -16. Let t = f - -18. Give v(t).
7
Let z(m) = 1. Let p(q) = q**2 + q + 3. Let l(d) = p(d) - 6*z(d). Let j = -238 - -194. Let r = j - -47. Calculate l(r).
9
Suppose 3*s + 2*j - 33 = 0, -s - 4*s + 2*j = -39. Suppose -2*r + 0*g = 3*g + s, g = -3. Let a(k) = -k - 4. Calculate a(r).
-4
Let d(p) be the second derivative of -p**4/12 + 5*p**3/6 - p**2 + 52*p. What is d(4)?
2
Suppose p + 2*s = 0, 4*p + 17*s = 16*s. Let v(w) = w**3 - 2*w**2 - w + 1. Determine v(p).
1
Let q = 4 + -8. Let o(m) = 3*m**2 - 7*m + m**3 + 18*m - 9*m - 8*m - 2. Calculate o(q).
6
Let c(k) = k**3 - 8*k**2 + 3*k - 20. Let w be (4/10)/((-16)/(-320)). Let j be c(w). Let y(q) = 25*q + q**3 - j*q**2 - q**2 - 24*q + 6. Give y(5).
11
Let y(s) = s**3 + 3*s**2 - 4*s - 2. Let a be y(-4). Let w(p) be the first derivative of -2*p**3/3 - p**2 + 1120. Determine w(a).
-4
Let l(u) = -u**2 + 6*u + 3. Let f = 2 + 7. Let q = f + -3. What is l(q)?
3
Let m(v) = -2*v - 5. Let j be -5 - (-4 - -4)/3. Let b(x) = 3*x + 8. Let w(a) = j*b(a) - 8*m(a). What is w(1)?
1
Let o(g) be the third derivative of g**5/60 - g**4/24 + 101*g**2. Give o(1).
0
Let j be 12/(-20)*2*-5. Let x(l) be the third derivative of l**6/120 - 7*l**5/60 + 5*l**4/24 + 2*l**3/3 - 3*l**2. Determine x(j).
-2
Let v = 10 + -14. Let j = -13 + v. Let x(u) = -14*u**3 + 6*u**2 - 8*u - 1. Let k(o) = 41*o**3 - 17*o**2 + 23*o + 3. Let b(f) = j*x(f) - 6*k(f). Calculate b(-1).
9
Let f(q) = -3*q + 7*q - 5*q + 2*q. Determine f(-2).
-2
Let d(i) = -i - 16. Let k be 1 - (13/(-26) + 46/4). Determine d(k).
-6
Suppose 3*v = 3*t, 4*t - 2 = 2*v + t. Let u(o) be the first derivative of -5*o**2/2 + 2*o - 23. What is u(v)?
-8
Suppose 0 = m, 4*t - 2*m = 3*m + 8. Suppose -2*o = -3*p + 1 + 8, 4*o + 12 = 4*p. Let h(x) = -5*x - p*x + 9*x - 2*x + 1. Calculate h(t).
-1
Let c(a) be the first derivative of a**3/3 - 11*a**2/2 + 29*a + 714. Give c(3).
5
Let m(y) = y**3 + 2*y**2 - 4*y. Let l be (0/(-3) - 0) + 4. Suppose t = -l*i - 277, -5*i + 0*t - 365 = -5*t. Let x be ((-42)/i)/((-1)/5). Calculate m(x).
3
Let q(x) = -x**2 - 2*x + 6. Let a = -35 + 49. Suppose 3*f - v = f - a, f + 21 = 4*v. Determine q(f).
-9
Let x be (-4)/14 - 286/77. Let b(p) = -7*p - 14. Let u(f) = 3*f + 6. Let v(o) = 2*b(o) + 5*u(o). Determine v(x).
-2
Let p(z) = 3*z + 4. Let f(j) = -19*j - 16. Let l(u) = -40*u - 32. Let o(n) = 7*f(n) - 3*l(n). Let h(w) = 2*o(w) + 9*p(w). Determine h(-3).
1
Let c(m) = m - 12. Let u be c(4). Let h(b) = -b**3 - 8*b**2 - 2*b + 5. Calculate h(u).
21
Let x(z) be the third derivative of z**6/120 - z**5/12 - z**4/3 + 5*z**3/6 + 8*z**2. Suppose -11*h = 6 - 72. Determine x(h).
-7
Suppo